{"id":137,"date":"2017-01-30T03:40:10","date_gmt":"2017-01-30T03:40:10","guid":{"rendered":"https:\/\/demo.themegrill.com\/flash-construction-2\/?page_id=12"},"modified":"2021-03-16T14:47:35","modified_gmt":"2021-03-16T14:47:35","slug":"projects","status":"publish","type":"page","link":"https:\/\/www.jsclimatizacion.cl\/?page_id=137","title":{"rendered":"Projects"},"content":{"rendered":"<div id=\"pl-137\"  class=\"panel-layout\" ><div id=\"pg-137-0\"  class=\"panel-grid panel-has-style\" ><div class=\"siteorigin-panels-stretch panel-row-style panel-row-style-for-137-0\" data-stretch-type=\"full\" ><div id=\"pgc-137-0-0\"  class=\"panel-grid-cell\" ><div id=\"panel-137-0-0-0\" class=\"so-panel widget widget_siteorigin-panels-builder panel-first-child panel-last-child\" data-index=\"0\" ><div class=\"panel-widget-style panel-widget-style-for-137-0-0-0\" ><div id=\"pl-w604a387939d69\"  class=\"panel-layout\" ><div id=\"pg-w604a387939d69-0\"  class=\"panel-grid panel-no-style\" ><div id=\"pgc-w604a387939d69-0-0\"  class=\"panel-grid-cell\" ><div id=\"panel-w604a387939d69-0-0-0\" class=\"so-panel widget widget_text panel-first-child\" data-index=\"0\" ><h3 class=\"widget-title\">alguno de nuestros proyectos.<\/h3>\t\t\t<div class=\"textwidget\"><\/div>\n\t\t<\/div><div id=\"panel-w604a387939d69-0-0-1\" class=\"so-panel widget widget_themegrill_flash_image tg-widget tg-image-widget\" data-index=\"1\" >\t<img decoding=\"async\" src=\"https:\/\/www.jsclimatizacion.cl\/wp-content\/uploads\/2021\/03\/Mesa-de-trabajo-5.png\" \/>\n<\/div><div id=\"panel-w604a387939d69-0-0-2\" class=\"so-panel widget widget_themegrill_flash_image tg-widget tg-image-widget panel-last-child\" data-index=\"2\" >\t<img decoding=\"async\" src=\"https:\/\/www.jsclimatizacion.cl\/wp-content\/uploads\/2021\/03\/Mesa-de-trabajo-9.png\" \/>\n<\/div><\/div><div id=\"pgc-w604a387939d69-0-1\"  class=\"panel-grid-cell\" ><div id=\"panel-w604a387939d69-0-1-0\" class=\"so-panel widget widget_siteorigin-panels-builder panel-first-child panel-last-child\" data-index=\"3\" ><div class=\"panel-widget-style panel-widget-style-for-w604a387939d69-0-1-0\" ><div id=\"pl-w604a387939e62\"  class=\"panel-layout\" ><div id=\"pg-w604a387939e62-0\"  class=\"panel-grid panel-no-style\" ><div id=\"pgc-w604a387939e62-0-0\"  class=\"panel-grid-cell\" ><div id=\"panel-w604a387939e62-0-0-0\" class=\"so-panel widget widget_themegrill_flash_image tg-widget tg-image-widget panel-first-child panel-last-child\" data-index=\"0\" >\t<img decoding=\"async\" src=\"https:\/\/www.jsclimatizacion.cl\/wp-content\/uploads\/2021\/03\/Mesa-de-trabajo-4.png\" \/>\n<\/div><\/div><div id=\"pgc-w604a387939e62-0-1\"  class=\"panel-grid-cell\" ><div id=\"panel-w604a387939e62-0-1-0\" class=\"so-panel widget widget_themegrill_flash_image tg-widget tg-image-widget panel-first-child panel-last-child\" data-index=\"1\" >\t<img decoding=\"async\" src=\"https:\/\/www.jsclimatizacion.cl\/wp-content\/uploads\/2021\/03\/Mesa-de-trabajo-6.png\" \/>\n<\/div><\/div><\/div><div id=\"pg-w604a387939e62-1\"  class=\"panel-grid panel-no-style\" ><div id=\"pgc-w604a387939e62-1-0\"  class=\"panel-grid-cell\" ><div id=\"panel-w604a387939e62-1-0-0\" class=\"so-panel widget widget_themegrill_flash_image tg-widget tg-image-widget panel-first-child panel-last-child\" data-index=\"2\" >\t<img decoding=\"async\" src=\"https:\/\/www.jsclimatizacion.cl\/wp-content\/uploads\/2021\/03\/Mesa-de-trabajo-1.png\" \/>\n<\/div><\/div><div id=\"pgc-w604a387939e62-1-1\"  class=\"panel-grid-cell\" ><div id=\"panel-w604a387939e62-1-1-0\" class=\"so-panel widget widget_themegrill_flash_image tg-widget tg-image-widget panel-first-child panel-last-child\" data-index=\"3\" >\t<img decoding=\"async\" src=\"https:\/\/www.jsclimatizacion.cl\/wp-content\/uploads\/2021\/03\/Mesa-de-trabajo-7.png\" \/>\n<\/div><\/div><\/div><\/div><\/div><\/div><\/div><\/div><div id=\"pg-w604a387939d69-1\"  class=\"panel-grid panel-no-style\" ><div id=\"pgc-w604a387939d69-1-0\"  class=\"panel-grid-cell\" ><div id=\"panel-w604a387939d69-1-0-0\" class=\"so-panel widget widget_text panel-first-child panel-last-child\" data-index=\"4\" >\t\t\t<div class=\"textwidget\"><p>Todos nuestros proyectos tienen un fuerte compromiso con la calidad de nuestros trabajadores \u00a0para as\u00ed \u00a0poder entregar una placentera \u00a0experiencia de a ver trabajado junto a nosotros.<\/p>\n<\/div>\n\t\t<\/div><\/div><\/div><div id=\"pg-w604a387939d69-2\"  class=\"panel-grid panel-no-style\" ><div id=\"pgc-w604a387939d69-2-0\"  class=\"panel-grid-cell\" ><div id=\"panel-w604a387939d69-2-0-0\" class=\"so-panel widget widget_themegrill_flash_portfolio tg-section feature-product-section panel-first-child panel-last-child\" data-index=\"5\" ><div class=\"tg-feature-product-layout-1 tg-feature-product-filter-layout\"><div class=\"tg-container\"><div class=\"grid\"><div class=\"tg-column-wrapper\"><div class=\"tg-feature-product-widget element-item uxdesign tg-column-4 construction-projects \" data-category=\"construction-projects \"><figure><img loading=\"lazy\" decoding=\"async\" width=\"800\" height=\"800\" src=\"https:\/\/www.jsclimatizacion.cl\/wp-content\/uploads\/2017\/02\/1.png\" class=\"attachment-full size-full wp-post-image\" alt=\"\" srcset=\"https:\/\/www.jsclimatizacion.cl\/wp-content\/uploads\/2017\/02\/1.png 800w, https:\/\/www.jsclimatizacion.cl\/wp-content\/uploads\/2017\/02\/1-300x300.png 300w, https:\/\/www.jsclimatizacion.cl\/wp-content\/uploads\/2017\/02\/1-150x150.png 150w, https:\/\/www.jsclimatizacion.cl\/wp-content\/uploads\/2017\/02\/1-768x768.png 768w\" sizes=\"auto, (max-width: 800px) 100vw, 800px\" \/><\/figure><div class=\"featured-image-desc\"><span><a href=\"https:\/\/www.jsclimatizacion.cl\/?portfolio=corporate-building\"><i class=\"fa fa-plus\"><\/i><\/a><\/span><div class=\"feature-inner-block\"><h3 class=\"feature-title-wrap\"><a href=\"https:\/\/www.jsclimatizacion.cl\/?portfolio=corporate-building\">Instalaci\u00f3n<\/a><\/h3><h4 class=\"feature-desc-wrap\">Instalaci\u00f3n de equipos y de tuberias<\/h4><\/div><\/div><\/div><div class=\"tg-feature-product-widget element-item uxdesign tg-column-4 construction-projects \" data-category=\"construction-projects \"><figure><img loading=\"lazy\" decoding=\"async\" width=\"800\" height=\"800\" src=\"https:\/\/www.jsclimatizacion.cl\/wp-content\/uploads\/2017\/02\/3.png\" class=\"attachment-full size-full wp-post-image\" alt=\"\" srcset=\"https:\/\/www.jsclimatizacion.cl\/wp-content\/uploads\/2017\/02\/3.png 800w, https:\/\/www.jsclimatizacion.cl\/wp-content\/uploads\/2017\/02\/3-300x300.png 300w, https:\/\/www.jsclimatizacion.cl\/wp-content\/uploads\/2017\/02\/3-150x150.png 150w, https:\/\/www.jsclimatizacion.cl\/wp-content\/uploads\/2017\/02\/3-768x768.png 768w\" sizes=\"auto, (max-width: 800px) 100vw, 800px\" \/><\/figure><div class=\"featured-image-desc\"><span><a href=\"https:\/\/www.jsclimatizacion.cl\/?portfolio=home-exterior-design\"><i class=\"fa fa-plus\"><\/i><\/a><\/span><div class=\"feature-inner-block\"><h3 class=\"feature-title-wrap\"><a href=\"https:\/\/www.jsclimatizacion.cl\/?portfolio=home-exterior-design\">Instalaci\u00f3n de una torre de enfriamiento<\/a><\/h3><h4 class=\"feature-desc-wrap\">instalaci\u00f3n y mantenimiento de una torre de enfriamiento de agua.<\/h4><\/div><\/div><\/div><div class=\"tg-feature-product-widget element-item uxdesign tg-column-4 construction-projects \" data-category=\"construction-projects \"><figure><img loading=\"lazy\" decoding=\"async\" width=\"800\" height=\"800\" src=\"https:\/\/www.jsclimatizacion.cl\/wp-content\/uploads\/2017\/02\/7.png\" class=\"attachment-full size-full wp-post-image\" alt=\"\" srcset=\"https:\/\/www.jsclimatizacion.cl\/wp-content\/uploads\/2017\/02\/7.png 800w, https:\/\/www.jsclimatizacion.cl\/wp-content\/uploads\/2017\/02\/7-300x300.png 300w, https:\/\/www.jsclimatizacion.cl\/wp-content\/uploads\/2017\/02\/7-150x150.png 150w, https:\/\/www.jsclimatizacion.cl\/wp-content\/uploads\/2017\/02\/7-768x768.png 768w\" sizes=\"auto, (max-width: 800px) 100vw, 800px\" \/><\/figure><div class=\"featured-image-desc\"><span><a href=\"https:\/\/www.jsclimatizacion.cl\/?portfolio=home-design\"><i class=\"fa fa-plus\"><\/i><\/a><\/span><div class=\"feature-inner-block\"><h3 class=\"feature-title-wrap\"><a href=\"https:\/\/www.jsclimatizacion.cl\/?portfolio=home-design\">Instalaci\u00f3n de Manejadora de aire<\/a><\/h3><h4 class=\"feature-desc-wrap\">Manejadora de aire CC3 Americana: es el aparato fundamental en el tratamiento del aire en las instalaciones de climatizaci\u00f3n\u00a0en cuanto [&hellip;]<\/h4><\/div><\/div><\/div><div class=\"tg-feature-product-widget element-item uxdesign tg-column-4 construction-projects \" data-category=\"construction-projects \"><figure><img loading=\"lazy\" decoding=\"async\" width=\"800\" height=\"800\" src=\"https:\/\/www.jsclimatizacion.cl\/wp-content\/uploads\/2017\/02\/8png.png\" class=\"attachment-full size-full wp-post-image\" alt=\"\" srcset=\"https:\/\/www.jsclimatizacion.cl\/wp-content\/uploads\/2017\/02\/8png.png 800w, https:\/\/www.jsclimatizacion.cl\/wp-content\/uploads\/2017\/02\/8png-300x300.png 300w, https:\/\/www.jsclimatizacion.cl\/wp-content\/uploads\/2017\/02\/8png-150x150.png 150w, https:\/\/www.jsclimatizacion.cl\/wp-content\/uploads\/2017\/02\/8png-768x768.png 768w\" sizes=\"auto, (max-width: 800px) 100vw, 800px\" \/><\/figure><div class=\"featured-image-desc\"><span><a href=\"https:\/\/www.jsclimatizacion.cl\/?portfolio=university-building\"><i class=\"fa fa-plus\"><\/i><\/a><\/span><div class=\"feature-inner-block\"><h3 class=\"feature-title-wrap\"><a href=\"https:\/\/www.jsclimatizacion.cl\/?portfolio=university-building\">Montaje<\/a><\/h3><h4 class=\"feature-desc-wrap\">Montaje, Torres de Enfriamiento Mutual de Seguridad.<\/h4><\/div><\/div><\/div><div class=\"tg-feature-product-widget element-item uxdesign tg-column-4 construction-projects \" data-category=\"construction-projects \"><figure><img loading=\"lazy\" decoding=\"async\" width=\"800\" height=\"800\" src=\"https:\/\/www.jsclimatizacion.cl\/wp-content\/uploads\/2017\/02\/4.png\" class=\"attachment-full size-full wp-post-image\" alt=\"\" srcset=\"https:\/\/www.jsclimatizacion.cl\/wp-content\/uploads\/2017\/02\/4.png 800w, https:\/\/www.jsclimatizacion.cl\/wp-content\/uploads\/2017\/02\/4-300x300.png 300w, https:\/\/www.jsclimatizacion.cl\/wp-content\/uploads\/2017\/02\/4-150x150.png 150w, https:\/\/www.jsclimatizacion.cl\/wp-content\/uploads\/2017\/02\/4-768x768.png 768w\" sizes=\"auto, (max-width: 800px) 100vw, 800px\" \/><\/figure><div class=\"featured-image-desc\"><span><a href=\"https:\/\/www.jsclimatizacion.cl\/?portfolio=bridge-construction\"><i class=\"fa fa-plus\"><\/i><\/a><\/span><div class=\"feature-inner-block\"><h3 class=\"feature-title-wrap\"><a href=\"https:\/\/www.jsclimatizacion.cl\/?portfolio=bridge-construction\">Montaje y forro<\/a><\/h3><h4 class=\"feature-desc-wrap\">Montaje de ca\u00f1er\u00edas y forro metalico<\/h4><\/div><\/div><\/div><div class=\"tg-feature-product-widget element-item uxdesign tg-column-4 construction-projects \" data-category=\"construction-projects \"><figure><img loading=\"lazy\" decoding=\"async\" width=\"800\" height=\"800\" src=\"https:\/\/www.jsclimatizacion.cl\/wp-content\/uploads\/2017\/02\/5.png\" class=\"attachment-full size-full wp-post-image\" alt=\"\" srcset=\"https:\/\/www.jsclimatizacion.cl\/wp-content\/uploads\/2017\/02\/5.png 800w, https:\/\/www.jsclimatizacion.cl\/wp-content\/uploads\/2017\/02\/5-300x300.png 300w, https:\/\/www.jsclimatizacion.cl\/wp-content\/uploads\/2017\/02\/5-150x150.png 150w, https:\/\/www.jsclimatizacion.cl\/wp-content\/uploads\/2017\/02\/5-768x768.png 768w\" sizes=\"auto, (max-width: 800px) 100vw, 800px\" \/><\/figure><div class=\"featured-image-desc\"><span><a href=\"https:\/\/www.jsclimatizacion.cl\/?portfolio=library-interior-design\"><i class=\"fa fa-plus\"><\/i><\/a><\/span><div class=\"feature-inner-block\"><h3 class=\"feature-title-wrap\"><a href=\"https:\/\/www.jsclimatizacion.cl\/?portfolio=library-interior-design\">Library Interior Design<\/a><\/h3><h4 class=\"feature-desc-wrap\">Duis autem vel eum iriure dolor in hendrerit in vulputate velit esse molestie consequat, vel illum dolore eu feugiat nulla [&hellip;]<\/h4><\/div><\/div><\/div><div class=\"tg-feature-product-widget element-item uxdesign tg-column-4 construction-projects \" data-category=\"construction-projects \"><figure><img loading=\"lazy\" decoding=\"async\" width=\"800\" height=\"800\" src=\"https:\/\/www.jsclimatizacion.cl\/wp-content\/uploads\/2017\/02\/9.png\" class=\"attachment-full size-full wp-post-image\" alt=\"\" srcset=\"https:\/\/www.jsclimatizacion.cl\/wp-content\/uploads\/2017\/02\/9.png 800w, https:\/\/www.jsclimatizacion.cl\/wp-content\/uploads\/2017\/02\/9-300x300.png 300w, https:\/\/www.jsclimatizacion.cl\/wp-content\/uploads\/2017\/02\/9-150x150.png 150w, https:\/\/www.jsclimatizacion.cl\/wp-content\/uploads\/2017\/02\/9-768x768.png 768w\" sizes=\"auto, (max-width: 800px) 100vw, 800px\" \/><\/figure><div class=\"featured-image-desc\"><span><a href=\"https:\/\/www.jsclimatizacion.cl\/?portfolio=power-plant-project\"><i class=\"fa fa-plus\"><\/i><\/a><\/span><div class=\"feature-inner-block\"><h3 class=\"feature-title-wrap\"><a href=\"https:\/\/www.jsclimatizacion.cl\/?portfolio=power-plant-project\">Power Plant Project<\/a><\/h3><h4 class=\"feature-desc-wrap\">Montaje, Equipos Vrv Toshiba, Gendarmeria.<\/h4><\/div><\/div><\/div><div class=\"tg-feature-product-widget element-item uxdesign tg-column-4 construction-projects \" data-category=\"construction-projects \"><figure><img loading=\"lazy\" decoding=\"async\" width=\"800\" height=\"800\" src=\"https:\/\/www.jsclimatizacion.cl\/wp-content\/uploads\/2017\/02\/2.png\" class=\"attachment-full size-full wp-post-image\" alt=\"\" srcset=\"https:\/\/www.jsclimatizacion.cl\/wp-content\/uploads\/2017\/02\/2.png 800w, https:\/\/www.jsclimatizacion.cl\/wp-content\/uploads\/2017\/02\/2-300x300.png 300w, https:\/\/www.jsclimatizacion.cl\/wp-content\/uploads\/2017\/02\/2-150x150.png 150w, https:\/\/www.jsclimatizacion.cl\/wp-content\/uploads\/2017\/02\/2-768x768.png 768w\" sizes=\"auto, (max-width: 800px) 100vw, 800px\" \/><\/figure><div class=\"featured-image-desc\"><span><a href=\"https:\/\/www.jsclimatizacion.cl\/?portfolio=railway-construction\"><i class=\"fa fa-plus\"><\/i><\/a><\/span><div class=\"feature-inner-block\"><h3 class=\"feature-title-wrap\"><a href=\"https:\/\/www.jsclimatizacion.cl\/?portfolio=railway-construction\">Instalaci\u00f3n  del equipo Chillers Daikin<\/a><\/h3><h4 class=\"feature-desc-wrap\">El Chillers Daikin es un refrigerador de l\u00edquido, que, como en un sistema de expansi\u00f3n directa, calienta o enfr\u00eda mediante [&hellip;]<\/h4><\/div><\/div><\/div><\/div><!-- \/.tg-column-wrapper--><\/div><!-- \/.grid --><\/div><!-- \/.tg-container --><\/div><!-- \/.layout div --><\/div><\/div><\/div><\/div><\/div><\/div><\/div><\/div><\/div><div id=\"pg-137-1\"  class=\"panel-grid panel-has-style\" ><div class=\"siteorigin-panels-stretch panel-row-style panel-row-style-for-137-1\" data-stretch-type=\"full\" ><div id=\"pgc-137-1-0\"  class=\"panel-grid-cell\" ><div id=\"panel-137-1-0-0\" class=\"so-panel widget widget_themegrill_flash_cta tg-widget call-to-action-section panel-first-child panel-last-child\" data-index=\"1\" ><div class=\"cta-wrapper call-to-action-section-layout-2\">\n\t<div class=\"section-title-wrapper\">\n\t\t\t\t<h3 class=\"section-title\">ven con nosotros<\/h3>\n\t\t\t<\/div>\n\t\t<div class=\"btn-wrapper\">\n\t\t\t\t<a class=\"btn\" href=\"https:\/\/www.jsclimatizacion.cl\/?page_id=136\">SERVICIOS<\/a>\n\t\t\t\t\t\t<a class=\"btn\" href=\"https:\/\/www.jsclimatizacion.cl\/?page_id=18\">CONTACTO<\/a>\n\t\t\t<\/div>\n\t<\/div>\n<\/div><\/div><\/div><\/div><\/div>","protected":false},"excerpt":{"rendered":"<p>alguno de nuestros proyectos. Todos nuestros proyectos tienen un fuerte compromiso con la calidad de nuestros trabajadores \u00a0para as\u00ed \u00a0poder [&hellip;]<\/p>\n","protected":false},"author":1,"featured_media":0,"parent":0,"menu_order":0,"comment_status":"closed","ping_status":"closed","template":"page-templates\/pagebuilder.php","meta":{"footnotes":""},"class_list":["post-137","page","type-page","status-publish","hentry"],"_links":{"self":[{"href":"https:\/\/www.jsclimatizacion.cl\/index.php?rest_route=\/wp\/v2\/pages\/137","targetHints":{"allow":["GET"]}}],"collection":[{"href":"https:\/\/www.jsclimatizacion.cl\/index.php?rest_route=\/wp\/v2\/pages"}],"about":[{"href":"https:\/\/www.jsclimatizacion.cl\/index.php?rest_route=\/wp\/v2\/types\/page"}],"author":[{"embeddable":true,"href":"https:\/\/www.jsclimatizacion.cl\/index.php?rest_route=\/wp\/v2\/users\/1"}],"replies":[{"embeddable":true,"href":"https:\/\/www.jsclimatizacion.cl\/index.php?rest_route=%2Fwp%2Fv2%2Fcomments&post=137"}],"version-history":[{"count":5,"href":"https:\/\/www.jsclimatizacion.cl\/index.php?rest_route=\/wp\/v2\/pages\/137\/revisions"}],"predecessor-version":[{"id":277,"href":"https:\/\/www.jsclimatizacion.cl\/index.php?rest_route=\/wp\/v2\/pages\/137\/revisions\/277"}],"wp:attachment":[{"href":"https:\/\/www.jsclimatizacion.cl\/index.php?rest_route=%2Fwp%2Fv2%2Fmedia&parent=137"}],"curies":[{"name":"wp","href":"https:\/\/api.w.org\/{rel}","templated":true}]}}